{"id":44568,"date":"2025-11-09T20:13:54","date_gmt":"2025-11-09T20:13:54","guid":{"rendered":"https:\/\/123keuzehulp.nl\/teceflex-ruwbouwstop-set-in-koffer\/"},"modified":"2026-01-01T02:21:30","modified_gmt":"2026-01-01T02:21:30","slug":"teceflex-ruwbouwstop-set-in-koffer","status":"publish","type":"product","link":"https:\/\/123installatieverhuur.nl\/?product=teceflex-ruwbouwstop-set-in-koffer","title":{"rendered":"TECEflex ruwbouwstop-set in koffer"},"content":{"rendered":"<p class=\"text-body font-regular text-gray-800 leading-[24px] pt-[9px] pb-[2px]\" dir=\"ltr\">Bevat:<br \/>1 x ruwbouwstop voor binnendraad Rp 1\/2&#8243; tot Rp 2&#8243;<br \/>1 x ruwbouwstop voor buitendraad R 1\/2&#8243; tot R 2&#8243;<br \/>1 x ruwbouwstop voor TECEflex fittingeinden 16-63 mm<br \/>1 x ruwbouwstop voor TECEflex buiseinden 16-63 mm<\/p>\n<p class=\"text-body font-regular text-gray-800 leading-[24px] pt-[9px] pb-[2px]\" dir=\"ltr\">\u00a0<\/p>\n<p class=\"text-body font-regular text-gray-800 leading-[24px] pt-[9px] pb-[2px]\" dir=\"ltr\">TECEflex is een veelzijdig en innovatief kunststof leidinginstallatiesysteem dat een breed scala aan toepassingen in de woningtechniek ondersteunt. Met zijn rood messing fittingen biedt TECEflex een veilige en betrouwbare optie voor drinkwater, verwarming, gas (afhankelijk van het land) en persluchtinstallaties. Dit systeem staat bekend om zijn &#8220;5 systemen &#8211; \u00e9\u00e9n fitting&#8221; benadering en biedt een hygi\u00ebnische, O-ringvrije aansluittechniek die eenvoudig te installeren is met behulp van axiale perstechnologie.<\/p>\n<p class=\"text-body font-regular text-gray-800 leading-[24px] pt-[9px] pb-[2px]\" dir=\"ltr\">\u00a0<\/p>\n<h3 class=\"font-bold text-gray-800 text-h4 leading-[30px] pt-[15px] pb-[2px] [&amp;_a]:underline-offset-[6px] [&amp;_.underline]:underline-offset-[6px]\" dir=\"ltr\">Voordelen van TECEflex:<\/h3>\n<p><\/p>\n<h3 class=\"font-bold text-gray-800 text-h4 leading-[30px] pt-[15px] pb-[2px] [&amp;_a]:underline-offset-[6px] [&amp;_.underline]:underline-offset-[6px]\" dir=\"ltr\">Toepassingsgebieden:<\/h3>\n<p><\/p>\n<p class=\"text-body font-regular text-gray-800 leading-[24px] pt-[9px] pb-[2px]\" dir=\"ltr\">TECEflex bewijst zich als een essentieel systeem voor moderne installatietechnieken. Met zijn uitgebreide toepasbaarheid, betrouwbaarheid en eenvoud in installatie, samen met een bewezen staat van dienst van meer dan 25 jaar, is TECEflex de ideale keuze voor professionals in de woningtechniek die op zoek zijn naar een veelzijdige en duurzame oplossing.<\/p>\n","protected":false},"excerpt":{"rendered":"<p>TECEflex is een veelzijdig en innovatief kunststof leidinginstallatiesysteem dat een breed scala aan toepassingen in de woningtechniek ondersteunt.<\/p>\n","protected":false},"featured_media":927432,"template":"","meta":{"_acf_changed":false,"bwfblock_default_font":"","_lynqio_external_id":"5468"},"product_brand":[3292],"product_cat":[4592],"product_tag":[],"supplier":[],"class_list":{"0":"post-44568","1":"product","2":"type-product","3":"status-publish","4":"has-post-thumbnail","6":"product_brand-tece","7":"product_cat-teceflex-fittingen-fittingen","9":"first","10":"instock","11":"taxable","12":"shipping-taxable","13":"purchasable","14":"product-type-simple"},"acf":[],"_links":{"self":[{"href":"https:\/\/123installatieverhuur.nl\/index.php?rest_route=\/wp\/v2\/product\/44568","targetHints":{"allow":["GET"]}}],"collection":[{"href":"https:\/\/123installatieverhuur.nl\/index.php?rest_route=\/wp\/v2\/product"}],"about":[{"href":"https:\/\/123installatieverhuur.nl\/index.php?rest_route=\/wp\/v2\/types\/product"}],"wp:featuredmedia":[{"embeddable":true,"href":"https:\/\/123installatieverhuur.nl\/index.php?rest_route=\/wp\/v2\/media\/927432"}],"wp:attachment":[{"href":"https:\/\/123installatieverhuur.nl\/index.php?rest_route=%2Fwp%2Fv2%2Fmedia&parent=44568"}],"wp:term":[{"taxonomy":"product_brand","embeddable":true,"href":"https:\/\/123installatieverhuur.nl\/index.php?rest_route=%2Fwp%2Fv2%2Fproduct_brand&post=44568"},{"taxonomy":"product_cat","embeddable":true,"href":"https:\/\/123installatieverhuur.nl\/index.php?rest_route=%2Fwp%2Fv2%2Fproduct_cat&post=44568"},{"taxonomy":"product_tag","embeddable":true,"href":"https:\/\/123installatieverhuur.nl\/index.php?rest_route=%2Fwp%2Fv2%2Fproduct_tag&post=44568"},{"taxonomy":"supplier","embeddable":true,"href":"https:\/\/123installatieverhuur.nl\/index.php?rest_route=%2Fwp%2Fv2%2Fsupplier&post=44568"}],"curies":[{"name":"wp","href":"https:\/\/api.w.org\/{rel}","templated":true}]}}